{"id":988468,"date":"2025-04-01T13:26:23","date_gmt":"2025-04-01T11:26:23","guid":{"rendered":"https:\/\/felicemusic.de\/?post_type=product&#038;p=988468"},"modified":"2025-04-01T14:16:54","modified_gmt":"2025-04-01T12:16:54","slug":"songbook-lighthouse","status":"publish","type":"product","link":"https:\/\/felicemusic.de\/?product=songbook-lighthouse","title":{"rendered":"Songbook &#8222;Lighthouse&#8220; &#8211; erh\u00e4ltlich ab 12.04.25"},"content":{"rendered":"<p class=\"\" data-start=\"0\" data-end=\"83\"><strong data-start=\"0\" data-end=\"81\">Das offizielle <em data-start=\"17\" data-end=\"29\">Lighthouse<\/em> Songbook<br \/>\nAlle Texte zum Mitsingen, Nachlesen &amp; Mitf\u00fchlen!<\/strong><\/p>\n<p class=\"\" data-start=\"309\" data-end=\"326\"><strong data-start=\"309\" data-end=\"324\">Inhalt:<\/strong><\/p>\n<ol data-start=\"327\" data-end=\"534\">\n<li class=\"\" data-start=\"327\" data-end=\"337\">\n<p class=\"\" data-start=\"330\" data-end=\"337\">Intro<\/p>\n<\/li>\n<li class=\"\" data-start=\"338\" data-end=\"357\">\n<p class=\"\" data-start=\"341\" data-end=\"357\">Shoulder &amp; Ear<\/p>\n<\/li>\n<li class=\"\" data-start=\"358\" data-end=\"380\">\n<p class=\"\" data-start=\"361\" data-end=\"380\">Without Companion<\/p>\n<\/li>\n<li class=\"\" data-start=\"381\" data-end=\"398\">\n<p class=\"\" data-start=\"384\" data-end=\"398\">Bond of Love<\/p>\n<\/li>\n<li class=\"\" data-start=\"399\" data-end=\"414\">\n<p class=\"\" data-start=\"402\" data-end=\"414\">Your Light<\/p>\n<\/li>\n<li class=\"\" data-start=\"415\" data-end=\"436\">\n<p class=\"\" data-start=\"418\" data-end=\"436\">When You Believe<\/p>\n<\/li>\n<li class=\"\" data-start=\"437\" data-end=\"455\">\n<p class=\"\" data-start=\"440\" data-end=\"455\">Into the Mist<\/p>\n<\/li>\n<li class=\"\" data-start=\"456\" data-end=\"488\">\n<p class=\"\" data-start=\"459\" data-end=\"488\">The Other Side of Your Door<\/p>\n<\/li>\n<li class=\"\" data-start=\"489\" data-end=\"498\">\n<p class=\"\" data-start=\"492\" data-end=\"498\">Roar<\/p>\n<\/li>\n<li class=\"\" data-start=\"499\" data-end=\"515\">\n<p class=\"\" data-start=\"503\" data-end=\"515\">Lighthouse<\/p>\n<\/li>\n<li class=\"\" data-start=\"516\" data-end=\"534\">\n<p class=\"\" data-start=\"520\" data-end=\"534\">Song of Ease<\/p>\n<\/li>\n<\/ol>\n<p class=\"\" data-start=\"536\" data-end=\"567\"><strong data-start=\"536\" data-end=\"552\">Bonus-Track: <\/strong>Jump Up<\/p>\n<p class=\"\" data-start=\"85\" data-end=\"286\">Ein besonderes St\u00fcck f\u00fcr alle, die tiefer in die Worte und Emotionen der Musik eintauchen m\u00f6chten.<\/p>\n","protected":false},"excerpt":{"rendered":"<p class=\"\" data-start=\"0\" data-end=\"83\">zzgl. 2,00 Euro Versand<br \/>\n<strong data-start=\"0\" data-end=\"81\"><br \/>\nDas offizielle <em data-start=\"17\" data-end=\"29\">Lighthouse<\/em> Songbook \u2013 f\u00fcr alle, die die Musik f\u00fchlen wollen!<\/strong><\/p>\n<p class=\"\" data-start=\"85\" data-end=\"286\">Dieses Songbook enth\u00e4lt die deutschen und englischen Texte aller Songs meines Albums &#8222;<em data-start=\"170\" data-end=\"182\">Lighthouse&#8220;<\/em>.<br \/>\nEin besonderes St\u00fcck f\u00fcr alle, die tiefer in die Worte und Emotionen der Musik eintauchen m\u00f6chten.<\/p>\n<p class=\"\" data-start=\"309\" data-end=\"326\"><strong data-start=\"309\" data-end=\"324\">Inhalt:<\/strong><\/p>\n<ol data-start=\"327\" data-end=\"534\">\n<li class=\"\" data-start=\"327\" data-end=\"337\">\n<p class=\"\" data-start=\"330\" data-end=\"337\">Intro<\/p>\n<\/li>\n<li class=\"\" data-start=\"338\" data-end=\"357\">\n<p class=\"\" data-start=\"341\" data-end=\"357\">Shoulder &amp; Ear<\/p>\n<\/li>\n<li class=\"\" data-start=\"358\" data-end=\"380\">\n<p class=\"\" data-start=\"361\" data-end=\"380\">Without Companion<\/p>\n<\/li>\n<li class=\"\" data-start=\"381\" data-end=\"398\">\n<p class=\"\" data-start=\"384\" data-end=\"398\">Bond of Love<\/p>\n<\/li>\n<li class=\"\" data-start=\"399\" data-end=\"414\">\n<p class=\"\" data-start=\"402\" data-end=\"414\">Your Light<\/p>\n<\/li>\n<li class=\"\" data-start=\"415\" data-end=\"436\">\n<p class=\"\" data-start=\"418\" data-end=\"436\">When You Believe<\/p>\n<\/li>\n<li class=\"\" data-start=\"437\" data-end=\"455\">\n<p class=\"\" data-start=\"440\" data-end=\"455\">Into the Mist<\/p>\n<\/li>\n<li class=\"\" data-start=\"456\" data-end=\"488\">\n<p class=\"\" data-start=\"459\" data-end=\"488\">The Other Side of Your Door<\/p>\n<\/li>\n<li class=\"\" data-start=\"489\" data-end=\"498\">\n<p class=\"\" data-start=\"492\" data-end=\"498\">Roar<\/p>\n<\/li>\n<li class=\"\" data-start=\"499\" data-end=\"515\">\n<p class=\"\" data-start=\"503\" data-end=\"515\">Lighthouse<\/p>\n<\/li>\n<li class=\"\" data-start=\"516\" data-end=\"534\">\n<p class=\"\" data-start=\"520\" data-end=\"534\">Song of Ease<\/p>\n<\/li>\n<\/ol>\n<p class=\"\" data-start=\"536\" data-end=\"567\"><strong data-start=\"536\" data-end=\"552\">Bonus-Track: <\/strong>Jump Up<\/p>\n","protected":false},"featured_media":988482,"comment_status":"open","ping_status":"closed","template":"","meta":{"inline_featured_image":false},"product_cat":[121],"product_tag":[],"class_list":{"0":"post-988468","1":"product","2":"type-product","3":"status-publish","4":"has-post-thumbnail","6":"product_cat-print","7":"product_shipping_class-brief-cds","9":"first","10":"instock","11":"featured","12":"shipping-taxable","13":"purchasable","14":"product-type-simple"},"_links":{"self":[{"href":"https:\/\/felicemusic.de\/index.php?rest_route=\/wp\/v2\/product\/988468"}],"collection":[{"href":"https:\/\/felicemusic.de\/index.php?rest_route=\/wp\/v2\/product"}],"about":[{"href":"https:\/\/felicemusic.de\/index.php?rest_route=\/wp\/v2\/types\/product"}],"replies":[{"embeddable":true,"href":"https:\/\/felicemusic.de\/index.php?rest_route=%2Fwp%2Fv2%2Fcomments&post=988468"}],"wp:featuredmedia":[{"embeddable":true,"href":"https:\/\/felicemusic.de\/index.php?rest_route=\/wp\/v2\/media\/988482"}],"wp:attachment":[{"href":"https:\/\/felicemusic.de\/index.php?rest_route=%2Fwp%2Fv2%2Fmedia&parent=988468"}],"wp:term":[{"taxonomy":"product_cat","embeddable":true,"href":"https:\/\/felicemusic.de\/index.php?rest_route=%2Fwp%2Fv2%2Fproduct_cat&post=988468"},{"taxonomy":"product_tag","embeddable":true,"href":"https:\/\/felicemusic.de\/index.php?rest_route=%2Fwp%2Fv2%2Fproduct_tag&post=988468"}],"curies":[{"name":"wp","href":"https:\/\/api.w.org\/{rel}","templated":true}]}}